e the greatest common factor of 24 and a.
8
Let u be 2 - 4 - -3 - -13. Calculate the greatest common factor of 35 and u.
7
Let a(g) = -3*g - 3. Let t be a(-3). Let p(n) = 2*n**2 + 4*n - 6. Let o be p(-5). What is the highest common divisor of t and o?
6
Let n be 2*(-4)/(-1*8). Calculate the greatest common factor of n and 9.
1
Suppose 3*z + 12 = 3*n, 4*n - 9 = -2*z + 1. Suppose -5*c - 3*o = -8, -o + 10 - 2 = n*c. What is the highest common factor of 20 and c?
4
Suppose 5*a = 2*o + 7, -a - o = o - 11. Suppose -a*v = -v - 2. Calculate the highest common factor of 7 and v.
1
Suppose c - 7 = -5*n + 2, 2 = 3*n + 4*c. Suppose n*x = -2*x. Let s be (2 - 0) + (x - -9). Calculate the highest common divisor of 22 and s.
11
Let t be ((-3)/(-6))/(1/(-2)). Let f be -2 - t*(2 - -6). What is the highest common factor of f and 54?
6
Let g(v) be the first derivative of -v**2/2 + 8*v + 7. Let l be g(4). Let t(i) = -19*i - 2. Let n be t(-2). Calculate the greatest common divisor of l and n.
4
Let v(r) = 5*r**3 + 2*r**2 - 5*r + 6. Let y be v(3). Calculate the highest common factor of y and 6.
6
Suppose -5*u + 4*u + 18 = 0. Let i(n) = 5*n**2 - 2*n + 2. Let m be i(2). Calculate the greatest common factor of m and u.
18
Let s = -78 - -30. Let a be s*((-26)/4 - -3). What is the greatest common divisor of 21 and a?
21
Let o(n) = n**2 - 7*n + 16. Let w be o(8). Calculate the greatest common divisor of 120 and w.
24
Let u = 22 + -2. What is the greatest common divisor of 8 and u?
4
Let p(m) = -4*m. Let k be p(-1). Let d = 5 + -2. Suppose -r - k = -d*r. Calculate the greatest common factor of r and 16.
2
Suppose 2*y + 230 = 5*s, -6*y = -4*s - 2*y + 172. Let o(n) = 6*n. Let l be o(2). Calculate the greatest common divisor of l and s.
12
Suppose 0*h = 5*h + 10, -11 = -q + 4*h. Let d be (-2 + 5 - 1) + 3. Suppose -7 = l + 2*b, -b - 3 = -d*l + 6. Calculate the highest common divisor of l and q.
1
Let h be ((-2)/(-4))/((-1)/(-10)). Let y = 10 - h. Suppose -5*o + 50 = -y*n, 5*o - o - 3*n - 42 = 0. What is the greatest common divisor of 4 and o?
4
Let s be (-99)/6*-2 + -1. Let y(w) = -3*w - 9. Let b be y(-6). Suppose 5*q = b + 11. Calculate the greatest common factor of q and s.
4
Suppose 2*i = 7*i. Let b(s) = s**2 - 2. Let j be b(2). Let o be (14 - i)/(j/4). Calculate the highest common divisor of 42 and o.
14
Suppose -3*r = -5*r + 56. Suppose 3*h - 65 = -5. Let v = h + -6. Calculate the highest common factor of v and r.
14
Let w(j) = j**2 + 6*j - 2. Let o be w(-7). What is the highest common factor of 5 and o?
5
Let w = 734 - 509. Suppose -5*l + 127 = -0*u - 2*u, 3*l - 4*u - 79 = 0. What is the greatest common divisor of l and w?
25
Suppose -8 - 132 = -4*t. Suppose 5*q + 66 = 4*s - 19, -2*s + t = -q. Calculate the highest common divisor of 5 and s.
5
Let r(x) = -x**2 + 12*x + 20. Let o be r(15). Let p(u) = 9*u - 5. Let f be p(6). Let b = o + f. Calculate the greatest common factor of 6 and b.
6
Let x = -2 - 1. Let j = x - -5. Calculate the highest common factor of 16 and j.
2
Let k = -20 - -72. What is the highest common divisor of 26 and k?
26
Let b(p) = 33*p**2 + p + 1. Let z be b(2). Calculate the greatest common divisor of 15 and z.
15
Suppose 0 = -3*n + 36 + 63. Calculate the greatest common divisor of 3 and n.
3
Let y(x) = -6*x - 4. Let l be y(-3). Suppose 2*c = 5*p - l, c = 4*c - 9. Calculate the highest common factor of p and 20.
4
Suppose 4*h + 523 = -481. Let n = 503 + h. What is the highest common divisor of 28 and n?
28
Let f be 3*154/33 + 4/(-1). Suppose 3*y + 4*x = 10, 0*x - 5*x - 55 = -3*y. Calculate the greatest common factor of f and y.
10
Let y be 2/7 + (-2148)/(-28). Suppose 0 = -v + 2*a + 13, 6*a - 2*a = 4*v - 48. Calculate the highest common divisor of y and v.
11
Let u(d) = -8*d - 3. Let w be u(-1). Calculate the greatest common factor of 45 and w.
5
Let m be 54/10 - 42/(-70). Calculate the greatest common divisor of m and 3.
3
Suppose 10 = 4*p + 34. Let v(o) = -o - 1. Let j be v(p). Calculate the highest common factor of j and 15.
5
Let c(w) = 4*w**2 - 3*w + 9*w - 3*w**2 - 2*w**2 - 6. Let n be c(4). Calculate the greatest common divisor of 1 and n.
1
Let i = 16 - 9. Calculate the highest common divisor of 77 and i.
7
Let y(c) = -c - 15. Let o be y(0). Let r be (-8)/6*o/2. Calculate the highest common factor of r and 70.
10
Let i(n) = -n**2 - 6*n + 2. Let v be i(-7). Let h be (-2 - v) + 39*1. What is the highest common divisor of h and 28?
14
Let q(n) = -n**2 - 26*n - 3. Let t be q(-25). Calculate the greatest common divisor of t and 220.
22
Let f = 17 - 7. What is the greatest common factor of f and 30?
10
Let r be 1 + (-2 - 21) + 0. Let y = 221 + r. Let p = 294 - y. What is the greatest common factor of 38 and p?
19
Let n = -300 + 314. Suppose 2*i - 95 = 3*s + 132, 0 = 4*i + s - 447. What is the greatest common divisor of i and n?
14
Suppose 10*d + 8*d = 8568. What is the highest common divisor of d and 14?
14
Suppose -3*h - 5*b = -195, h - 45 - 20 = b. Let n be (-92)/(-8) + (-3)/(-2). Calculate the highest common divisor of n and h.
13
Let i = 6 + 2. Let g(n) = -n**2 + 12*n - 3. Let y = 4 + 1. Let b be g(y). Calculate the highest common divisor of i and b.
8
Suppose -i = 4*r + 2*i - 81, -12 = -r + 2*i. Suppose 2*g - 2*y + 106 = -156, y + 2 = 0. Let c = 29 - g. What is the greatest common divisor of r and c?
18
Let k be (-68)/20 - 4/(-10). Let j(u) = -u**2 - 4*u. Let o be j(k). Calculate the highest common divisor of 33 and o.
3
Suppose -g = -2*g + 9. Let w = 31 - g. What is the highest common factor of 33 and w?
11
Suppose 4 = 4*c + 16. Let g be ((-6)/((-9)/c))/1. Let z be g/7 - (-849)/7. What is the highest common factor of 11 and z?
11
Suppose y - 11 = -2*d, -d - 4*d + 21 = 2*y. What is the greatest common divisor of y and 13?
13
Suppose 2*b - b + 3*o = 98, -2*b - 5*o = -196. What is the highest common factor of b and 28?
14
Suppose 0 = -3*g - 3*f + 105, 0 = -4*f + 7 + 5. Suppose h = -0 + g. Let i be 6/2*h/6. Calculate the highest common divisor of 4 and i.
4
Let m be 24/(-16)*14/(-3). Calculate the highest common divisor of m and 1.
1
Suppose 4*d - 7 = 13. Suppose -255 = 4*q - 3*f, -f - 357 = d*q - 43. Let p be q/(-12)*(-120)/(-9). Calculate the greatest common divisor of 14 and p.
14
Suppose -x - 168 = -i, -5 = 3*x + 4. Calculate the highest common factor of i and 66.
33
Suppose 15*r - 21*r = -6. What is the greatest common factor of r and 13?
1
Let a be ((-354)/295)/((-2)/(160/6)). Suppose -2 = 3*i + 4*r, -5*i + 6*i + 5*r + 8 = 0. Calculate the greatest common factor of i and a.
2
Suppose 20 = -s - 5*g, -2*s + 16 = -4*g - 0*g. Let p = s - -3. Calculate the highest common factor of 2 and p.
1
Let t be ((-2)/4)/((-4)/56*1). What is the greatest common factor of t and 21?
7
Let r = 1 - -5. Let y = r + -3. Let x be 15*-1*y/(-3). Calculate the highest common divisor of 75 and x.
15
Let r be ((-126)/(-8))/((-3)/(-16)). Calculate the highest common divisor of 21 and r.
21
Let j(l) = -2*l + 6. Let a be j(2). Calculate the greatest common divisor of 5 and a.
1
Let v(a) = -a**2 - 3*a + 1. Let o be v(-2). Let d = -8 + 8. Suppose 0*y + u = -3*y + 7, d = -y + 4*u - 15. Calculate the highest common divisor of y and o.
1
Suppose 0 = -5*w + 2*w + 75. What is the highest common factor of w and 10?
5
Let f be 1509/15 + 4/10. Let o = 47 - f. Let q = -38 - o. Calculate the greatest common divisor of 32 and q.
16
Let c be 8 - -2 - (4 + -1). Suppose -5*y + c = -8. What is the highest common divisor of 33 and y?
3
Suppose 5*r + 2*g - 205 = 0, -127 = -3*r - 4*g + 2*g. Suppose 2*w = 3*w - r. What is the highest common divisor of 26 and w?
13
Let q = 238 + 37. Calculate the greatest common divisor of q and 25.
25
Let a(h) = -28*h + 2. Let m be a(-1). Suppose -5*n + 2*q = -0*q - 866, 3*n - 4*q = 528. Suppose 2*j + 22 = n. Calculate the highest common factor of j and m.
15
Let g(q) = -1 - 3*q**3 + 0*q**3 + q - 1 - q**2 + 4*q**3. Let h be g(2). Calculate the greatest common factor of 10 and h.
2
Suppose 3*z = -5*k + 525, -k - 1 = 2. Suppose 0*t = 3*t - z. Let w(c) = c**3 - 5*c**2 - 3*c + 6. Let r be w(6). Calculate the highest common factor of t and r.
12
Let b be ((2 - 2)/(-3))/(-1). Suppose -4*c - 4*q = 4, -5*c + 2*c - q - 1 = b. Suppose c = 5*s - 63 + 18. Calculate the